-4816?
4831
In base 15, what is 70 + 18d3?
1953
In base 16, what is -4 + -402?
-406
In base 9, what is -481 - -13440?
12848
In base 16, what is -11d8c + 5?
-11d87
In base 5, what is -14433404 - -34?
-14433320
In base 11, what is 2a + -a732?
-a703
In base 6, what is 103 - -2505205?
2505312
In base 8, what is -22 - 5632?
-5654
In base 15, what is -10b64 - -15?
-10b4e
In base 2, what is 1001101111110 + 11?
1001110000001
In base 14, what is 72d + a?
739
In base 5, what is 4 - 32310013?
-32310004
In base 7, what is -4 - 42442?
-42446
In base 10, what is -11946 - 20?
-11966
In base 11, what is 365856 + -2?
365854
In base 11, what is -7 - -142152?
142146
In base 10, what is -2 + -34449?
-34451
In base 4, what is 3013321 - 1121?
3012200
In base 3, what is 1 - 20202?
-20201
In base 7, what is 52065 - -21?
52116
In base 11, what is 57 + -334?
-288
In base 7, what is 0 - 1040314?
-1040314
In base 4, what is -3 + 300231?
300222
In base 2, what is -10 + 10000100100110111?
10000100100110101
In base 12, what is 2a - 1a09?
-199b
In base 8, what is 3312030 + 1?
3312031
In base 11, what is 60a + 408?
a17
In base 4, what is -13133310 + -10?
-13133320
In base 15, what is 4 - 9c47e?
-9c47a
In base 5, what is 401212 + -3?
401204
In base 9, what is 580823 - 1?
580822
In base 16, what is -2 + -8c49?
-8c4b
In base 7, what is -3114 - -21?
-3063
In base 2, what is -1001010 + 101010111?
100001101
In base 2, what is 1000101 - -1001000001?
1010000110
In base 12, what is 23843 + 5?
23848
In base 7, what is 646115 + -2?
646113
In base 15, what is -5 + -25354?
-25359
In base 4, what is -302320 - -13?
-302301
In base 14, what is c34b8 - -1?
c34b9
In base 5, what is 404 - -330?
1234
In base 15, what is b091 + -4?
b08c
In base 8, what is 240 + -721?
-461
In base 2, what is -1011000100000 - 11000?
-1011000111000
In base 4, what is 2 - -1212100?
1212102
In base 13, what is -33b + -41ac?
-451a
In base 9, what is 2 - 752411?
-752408
In base 14, what is -cd + 88?
-45
In base 15, what is 6d0cc - -5?
6d0d2
In base 15, what is 18e2a5 + 2?
18e2a7
In base 11, what is -5554 - 361?
-5905
In base 16, what is 771c + -14?
7708
In base 6, what is 205042 + -104?
204534
In base 2, what is -1 + 1010010000011?
1010010000010
In base 7, what is 1021 + -2020?
-666
In base 8, what is -11167 - -4?
-11163
In base 2, what is -110001 + -101110110?
-110100111
In base 16, what is -63f + 394?
-2ab
In base 4, what is -310032301 + 11?
-310032230
In base 7, what is -202500 + -4?
-202504
In base 12, what is -492 + 58?
-436
In base 14, what is -4c5678 + 3?
-4c5675
In base 15, what is -3 - 24048?
-2404b
In base 11, what is -92 - 213?
-2a5
In base 5, what is -234 - 1210?
-1444
In base 14, what is -5 - 4c455?
-4c45a
In base 10, what is -257789 + -5?
-257794
In base 12, what is -1073 - -6?
-1069
In base 16, what is 48 + 643?
68b
In base 9, what is 8381533 - -5?
8381538
In base 10, what is 873 - -1075?
1948
In base 5, what is 313000 - -20?
313020
In base 13, what is 0 - -47c0?
47c0
In base 14, what is -27 - -72d?
706
In base 10, what is -491223 - -4?
-491219
In base 6, what is -143115 - -12?
-143103
In base 12, what is -37 + -32b17?
-32b52
In base 8, what is -3377 + 24?
-3353
In base 9, what is -225042 + 3?
-225038
In base 16, what is -42e + -3c?
-46a
In base 7, what is -42 + 641242?
641200
In base 9, what is 86 + -1140?
-1043
In base 16, what is 0 - 108?
-108
In base 16, what is -c7001 - 6?
-c7007
In base 10, what is -128 + -208?
-336
In base 6, what is 200 - -2054?
2254
In base 7, what is 1102 - -10?
1112
In base 2, what is 11011110011011 + 10?
11011110011101
In base 10, what is -2269 - -118?
-2151
In base 12, what is 1248 + 42?
128a
In base 8, what is -4 + -5042?
-5046
In base 11, what is -1 - -a1410?
a140a
In base 12, what is -137 - -100?
-37
In base 9, what is 11 - 14020?
-14008
In base 5, what is -3 + 213230333?
213230330
In base 6, what is -100552 - -5?
-100543
In base 15, what is -5 + -4717a?
-47180
In base 7, what is 422 + -131?
261
In base 9, what is -161 - -2334?
2163
In base 9, what is -10678 - 358?
-11147
In base 5, what is -400231 - -2031?
-343200
In base 16, what is 18d - 97?
f6
In base 8, what is 7072 + -3?
7067
In base 8, what is -3 - -11675?
11672
In base 10, what is 28480 + 23?
28503
In base 2, what is -1001011000000110101 - 101?
-1001011000000111010
In base 6, what is -3503 + -42553?
-50500
In base 5, what is 21400 - -31?
21431
In base 5, what is 1 + -213011122?
-213011121
In base 15, what is 0 - -c92c?
c92c
In base 9, what is 47 - 1383?
-1335
In base 12, what is 3 + -14675?
-14672
In base 6, what is -3 + -3442?
-3445
In base 16, what is -2d - bc?
-e9
In base 4, what is -2223 + 1103020?
1100131
In base 9, what is -80162 - -16?
-80145
In base 15, what is -8 - 67cb?
-67d4
In base 5, what is -2 - -1343104?
1343102
In base 9, what is -3 - -242017?
242014
In base 9, what is 17 - 7502?
-7474
In base 11, what is 4 + 16394?
16398
In base 2, what is 1001 - -1001001101001?
1001001110010
In base 8, what is 2075 + 1674?
3771
In base 10, what is -72 - -2539?
2467
In base 13, what is 222a49 + -3?
222a46
In base 12, what is -73b5 - 5?
-73ba
In base 4, what is 231132013 + 11?
231132030
In base 15, what is -9 - -5a3e?
5a35
In base 6, what is -5 + 20000440?
20000431
In base 15, what is -4 - -b9d7?
b9d3
In base 5, what is 2322 + -22131?
-14304
In base 8, what is 0 + -36771?
-36771
In base 12, what is 22 + -58?
-36
In base 9, what is -165578 + -2?
-165581
In base 5, what is -111013133 - 10?
-111013143
In base 16, what is -1933 + -6?
-1939
In base 7, what is 101 + 216304?
216405
In base 12, what is 144 - -9a0?
b24
In base 11, what is 2868 + -108?
2760
In base 5, what is 332012 + 24?
332041
In base 6, what is 1234441 - -3?
1234444
In base 13, what is -11a991 + -2?
-11a993
In base 11, what is 12412 - -34?
12446
In base 2, what is -10 + 11010011011001110?
11010011011001100
In base 10, what is -3 - -78649?
78646
In base 7, what is -24 - 12520?
-12544
In base 8, what is -202014 + -4?
-202020
In base 15, what is 39a56 + -12?
39a44
In base 3, what is 1100211 + -1000?
1022211
In base 7, what is -211 + 20350?
20136
In base 7, what is -13 - -1505?
1462
In base 13, what is -8 + -209?
-214
In base 15, what is 17a - 15c3?
-1448
In base 9, what is -58 + -7707?
-7766
In base 11, what is 1269 - 104?
1165
In base 7, what is 3225351 - -4?
3225355
In base 9, what is 40 - -3837?
3877
In base 4, what is 10 - -11003212033?
11003212103
In base 7, what is -36060 + 61?
-35666
In base 9, what is -1203 + 313?
-780
In base 7, what is -243 - -14543?
14300
In base 13, what is -25 + -10792?
-107b7
In base 12, what is 152 - -62?
1b4
In base 8, what is 73 + 544?
637
In base 6, what is 33 + -12345?
-12312
In base 11, what is -4 + 5211?
5208
In base 6, what is 2 - -40402?
40404
In base 15, what is 1a + -78b?
-771
In base 8, what is 40650 - 3?
40645
In base 14, what is 54 - 4c74?
-4c20
In base 10, what is 12 - -5952?
5964
In base 16, what is -49e - 265?
-703
In base 2, what is -10010110001 - -1101?
-10010100100
In base 10, what is 24 + -49314?
-49290
In base 5, what is 32 - -443441?
444023
In base 2, what is 1100110101111111 - 1010?
1100110101110101
In base 4, what is 22030 + -1331?
20033
In base 14, what is -1d + -43a11?
-43a30
In base 14, what is 531d + 17?
5336
In base 9, what is 1 - 11462?
-11461
In base 14, what is 36 + -865a?
-8624
In base 5, what is -3332 + -140?
-4022
In base 4, what is 11202332 - 1?
11202331
In base 3, what is -2022122 + -122201?
-2222100
In base 8, what is -164 + 434?
250
In base 16, what is -26 - 47?
-6d
In base 11, what is -2a676a - -3?
-2a6767
In base 4, what is 1 + -12133111?
-12133110
In base 5, what is -22022 - 122?
-22144
In base 5, what is 4 + 322300?
322304
In base 10, what is -2 - -81444?
81442
In base 2, what is -10011110110110110 + 1?
-10011110110110101
In base 11, what is 2a8a - -99?
3078
In base 16, what is -3 + 1d393?
1d390
In base 3, what is -10001 - -1212?
-1012
In base 13, what is -c - c6341?
-c6350
In base 15, what is 0 + -299d?
-299d
In base 11, what is -1 - 7161?
-7162
In base 14, what is 4 - -9a0bd?
9a0c3
In base 2, what is 101 + 110011111011100010?
110011111011100111
In base 12, what is -447 + 68?
-39b
In base 15, what is 121d - -38?
1256
In base 10, what is -4 + 18401?
18397
In base 8, what is -41476